{"id":52760,"date":"2024-07-25T11:28:04","date_gmt":"2024-07-25T16:28:04","guid":{"rendered":"https:\/\/www.clubmilitar.gov.co\/home\/?page_id=52760"},"modified":"2025-08-21T08:59:28","modified_gmt":"2025-08-21T13:59:28","slug":"documentos-para-comentar","status":"publish","type":"page","link":"https:\/\/www.clubmilitar.gov.co\/home\/documentos-para-comentar\/","title":{"rendered":"DOCUMENTOS PARA COMENTAR"},"content":{"rendered":"\t\t<div data-elementor-type=\"wp-page\" data-elementor-id=\"52760\" class=\"elementor elementor-52760\">\n\t\t\t\t\t\t<section class=\"elementor-section elementor-top-section elementor-element elementor-element-9a2ae77 elementor-section-boxed elementor-section-height-default elementor-section-height-default\" data-id=\"9a2ae77\" data-element_type=\"section\" data-e-type=\"section\">\n\t\t\t\t\t\t<div class=\"elementor-container elementor-column-gap-default\">\n\t\t\t\t\t<div class=\"elementor-column elementor-col-100 elementor-top-column elementor-element elementor-element-b690f89\" data-id=\"b690f89\" data-element_type=\"column\" data-e-type=\"column\">\n\t\t\t<div class=\"elementor-widget-wrap elementor-element-populated\">\n\t\t\t\t\t\t<div class=\"elementor-element elementor-element-8e53fab elementor-widget elementor-widget-text-editor\" data-id=\"8e53fab\" data-element_type=\"widget\" data-e-type=\"widget\" data-widget_type=\"text-editor.default\">\n\t\t\t\t<div class=\"elementor-widget-container\">\n\t\t\t\t\t\t\t\t\t<p>\u00daltima actualizaci\u00f3n: 21 de Agosto de 2025<\/p>\t\t\t\t\t\t\t\t<\/div>\n\t\t\t\t<\/div>\n\t\t\t\t\t<\/div>\n\t\t<\/div>\n\t\t\t\t\t<\/div>\n\t\t<\/section>\n\t\t\t\t<section class=\"elementor-section elementor-top-section elementor-element elementor-element-5ccfb73 elementor-section-boxed elementor-section-height-default elementor-section-height-default\" data-id=\"5ccfb73\" data-element_type=\"section\" data-e-type=\"section\">\n\t\t\t\t\t\t<div class=\"elementor-container elementor-column-gap-default\">\n\t\t\t\t\t<div class=\"elementor-column elementor-col-100 elementor-top-column elementor-element elementor-element-52dfa10\" data-id=\"52dfa10\" data-element_type=\"column\" data-e-type=\"column\">\n\t\t\t<div class=\"elementor-widget-wrap elementor-element-populated\">\n\t\t\t\t\t\t<div class=\"elementor-element elementor-element-b14c102 elementor-widget elementor-widget-text-editor\" data-id=\"b14c102\" data-element_type=\"widget\" data-e-type=\"widget\" data-widget_type=\"text-editor.default\">\n\t\t\t\t<div class=\"elementor-widget-container\">\n\t\t\t\t\t\t\t\t\t<h3 class=\"titulo aid-239303 cid-616\"><span style=\"color: #3366ff;\"><strong>Consulta ciudadana<\/strong><\/span><\/h3><div class=\" cid-616 aid-239303\"><p>Es el mecanismo que busca conocer las opiniones, sugerencias o propuestas, comentarios y aportes de los usuarios, ciudadanos y grupos de inter\u00e9s con respecto a los proyectos, normas, pol\u00edticas, programas o tr\u00e1mites adelantados por la entidad antes de la formulaci\u00f3n de los mismos o la toma de decisiones.<\/p><p>\u00a0<\/p><p>A trav\u00e9s de esta secci\u00f3n puede encontrar los diferentes temas que son puestos a consideraci\u00f3n de la ciudadan\u00eda para su consulta, as\u00ed como la normatividad del Club Militar dividida en las siguientes categor\u00edas:<\/p><p>\u00a0<\/p><h6 class=\"titulo aid-239303 cid-616\"><span style=\"color: #3366ff;\"><strong>Normatividad<\/strong><\/span><\/h6><p>Consulta <span style=\"text-decoration: underline;\"><span style=\"color: #3366ff; text-decoration: underline;\"><strong><a style=\"color: #3366ff; text-decoration: underline;\" href=\"https:\/\/www.clubmilitar.gov.co\/home\/normativa-de-la-entidad-o-autoridad\/\">aqu\u00ed<\/a><\/strong><\/span> <\/span>la normatividad de la entidad.\u202f<\/p><h6>\u00a0<\/h6><h6 class=\"titulo aid-239303 cid-616\"><span style=\"color: #3366ff;\"><strong>Acuerdos <\/strong><\/span><\/h6><p>Consulta las modificaciones realizadas en la entidad\u00a0<\/p><ul><li style=\"list-style-type: none;\"><ul><li style=\"list-style-type: none;\"><ul><li>Acuerdo<\/li><li>Acuerdo<\/li><\/ul><\/li><\/ul><\/li><\/ul><h6>\u00a0<\/h6><h6 class=\"titulo aid-239303 cid-616\"><span style=\"color: #3366ff;\"><strong>Notificaciones por Aviso<\/strong><\/span><\/h6><p>Consulta aqu\u00ed avisos, notificaciones disciplinarias, edictos y otras disposiciones de afectaci\u00f3n p\u00fablica.\u202f<\/p><p>\u00a0<\/p><ul><li style=\"list-style-type: none;\"><ul><li style=\"list-style-type: none;\"><ul><li><a href=\"https:\/\/www.clubmilitar.gov.co\/home\/wp-content\/uploads\/2024\/07\/NOTIFICACION-POR-AVISO-JUAN-SEBASTIAN-OSORIO.pdf\"><span style=\"color: #004884;\">Notificaci\u00f3n por aviso Sr. Juan Sebasti\u00e1n Osorio<\/span><\/a><\/li><li><a href=\"https:\/\/www.clubmilitar.gov.co\/home\/wp-content\/uploads\/2024\/07\/NOTIFICACION-POR-AVISO-CARLOS-ROMERO-LOZANO.pdf\"><span style=\"color: #004884;\">Notificaci\u00f3n por aviso Sr. Marcos Romero Lozano<\/span><\/a><\/li><li><a href=\"https:\/\/www.clubmilitar.gov.co\/home\/wp-content\/uploads\/2024\/07\/NOTIFICACION-POR-AVISO-CLAUDIA-GUERRA-DELGADO.pdf\"><span style=\"color: #004884;\">Notificaci\u00f3n por aviso Sra. Claudia Guerra Delgado<\/span><\/a><\/li><li><a href=\"https:\/\/www.clubmilitar.gov.co\/home\/wp-content\/uploads\/2024\/07\/NOTIFICACION-POR-AVISO-OSCAR-JAVIER-CASTILLO.pdf\"><span style=\"color: #004884;\">Notificaci\u00f3n por aviso Sr. Oscar Javier Castillo<\/span><\/a><\/li><li><a href=\"https:\/\/www.clubmilitar.gov.co\/home\/wp-content\/uploads\/2024\/07\/NOTIFICACION-POR-AVISO-CARLOS-GONZALEZ.pdf\"><span style=\"color: #004884;\">Notificaci\u00f3n por aviso Sr. Carlos Gonzalez<\/span><\/a><\/li><li><a href=\"https:\/\/www.clubmilitar.gov.co\/home\/wp-content\/uploads\/2024\/06\/NOTIFICACION-POR-AVISO-GONZALO-DIAZ.pdf\"><span style=\"color: #004884;\">Notificaci\u00f3n por aviso Sr. Gonzalo Diaz<\/span><\/a><\/li><li><a href=\"https:\/\/www.clubmilitar.gov.co\/home\/wp-content\/uploads\/2024\/06\/NOTIFICACION-POR-AVISO-ANONIMO-1-24-00001381.pdf\"><span style=\"color: #004884;\">Notificaci\u00f3n por aviso Anonimo<\/span><\/a><\/li><li><a href=\"https:\/\/www.clubmilitar.gov.co\/home\/wp-content\/uploads\/2024\/06\/NOTIFICACION-POR-AVISO-FADHIA-SANCHEZ.pdf\"><span style=\"color: #004884;\">Notificaci\u00f3n por aviso a la se\u00f1ora Fadhia Sanchez<\/span><\/a><\/li><li><a href=\"https:\/\/www.clubmilitar.gov.co\/home\/wp-content\/uploads\/2024\/06\/NOTIFICACION-POR-AVISO-TC-ENRIQUE-VILLOTA.pdf\"><span style=\"color: #004884;\">Notificaci\u00f3n por aviso al Teniente Coronel Enrique Villota<\/span><\/a><\/li><li><a href=\"https:\/\/www.clubmilitar.gov.co\/home\/wp-content\/uploads\/2024\/06\/NOTIFICACION-POR-AVISO-MARIA-SOLEDAD-FRANCO.pdf\"><span style=\"color: #004884;\">Notificaci\u00f3n por aviso a la se\u00f1ora Maria Soledad Franco<\/span><\/a><\/li><\/ul><\/li><\/ul><\/li><\/ul><h6 class=\"titulo aid-239303 cid-616\"><span style=\"color: #3366ff;\"><strong>\u00a0<\/strong><\/span><\/h6><p>\u00a0<\/p><\/div>\t\t\t\t\t\t\t\t<\/div>\n\t\t\t\t<\/div>\n\t\t\t\t\t<\/div>\n\t\t<\/div>\n\t\t\t\t\t<\/div>\n\t\t<\/section>\n\t\t\t\t<\/div>\n\t\t","protected":false},"excerpt":{"rendered":"<p>\u00daltima actualizaci\u00f3n: 21 de Agosto de 2025 Consulta ciudadana Es el mecanismo que busca conocer las opiniones, sugerencias o propuestas, comentarios y aportes de los usuarios, ciudadanos y grupos de inter\u00e9s con respecto a los proyectos, normas, pol\u00edticas, programas o tr\u00e1mites adelantados por la entidad antes de la formulaci\u00f3n de los mismos o la toma de decisiones. \u00a0 A trav\u00e9s de esta secci\u00f3n puede encontrar los diferentes temas que son puestos a consideraci\u00f3n de la ciudadan\u00eda para su consulta, as\u00ed como la normatividad del Club Militar dividida en las siguientes categor\u00edas: \u00a0 Normatividad Consulta aqu\u00ed la normatividad de la entidad.\u202f \u00a0 Acuerdos Consulta las modificaciones realizadas en la entidad\u00a0 Acuerdo Acuerdo \u00a0 Notificaciones por Aviso Consulta aqu\u00ed avisos, notificaciones disciplinarias, edictos y otras disposiciones de afectaci\u00f3n p\u00fablica.\u202f \u00a0 Notificaci\u00f3n por aviso Sr. Juan Sebasti\u00e1n Osorio Notificaci\u00f3n por aviso Sr. Marcos Romero Lozano Notificaci\u00f3n por aviso Sra. Claudia Guerra Delgado Notificaci\u00f3n por aviso Sr. Oscar Javier Castillo Notificaci\u00f3n por aviso Sr. Carlos Gonzalez Notificaci\u00f3n por aviso Sr. Gonzalo Diaz Notificaci\u00f3n por aviso Anonimo Notificaci\u00f3n por aviso a la se\u00f1ora Fadhia Sanchez Notificaci\u00f3n por aviso al Teniente Coronel Enrique Villota Notificaci\u00f3n por aviso a la se\u00f1ora Maria Soledad Franco \u00a0 \u00a0<\/p>\n","protected":false},"author":13,"featured_media":0,"parent":0,"menu_order":0,"comment_status":"closed","ping_status":"closed","template":"","meta":{"_price":"","_stock":"","_tribe_ticket_header":"","_tribe_default_ticket_provider":"","_tribe_ticket_capacity":"0","_ticket_start_date":"","_ticket_end_date":"","_tribe_ticket_show_description":"","_tribe_ticket_show_not_going":false,"_tribe_ticket_use_global_stock":"","_tribe_ticket_global_stock_level":"","_global_stock_mode":"","_global_stock_cap":"","_tribe_rsvp_for_event":"","_tribe_ticket_going_count":"","_tribe_ticket_not_going_count":"","_tribe_tickets_list":"[]","_tribe_ticket_has_attendee_info_fields":false,"_EventAllDay":false,"_EventTimezone":"","_EventStartDate":"","_EventEndDate":"","_EventStartDateUTC":"","_EventEndDateUTC":"","_EventShowMap":false,"_EventShowMapLink":false,"_EventURL":"","_EventCost":"","_EventCostDescription":"","_EventCurrencySymbol":"","_EventCurrencyCode":"","_EventCurrencyPosition":"","_EventDateTimeSeparator":"","_EventTimeRangeSeparator":"","_EventOrganizerID":[],"_EventVenueID":[],"_OrganizerEmail":"","_OrganizerPhone":"","_OrganizerWebsite":"","_VenueAddress":"","_VenueCity":"","_VenueCountry":"","_VenueProvince":"","_VenueState":"","_VenueZip":"","_VenuePhone":"","_VenueURL":"","_VenueStateProvince":"","_VenueLat":"","_VenueLng":"","_VenueShowMap":false,"_VenueShowMapLink":false,"footnotes":"","_tec_slr_enabled":"","_tec_slr_layout":""},"class_list":["post-52760","page","type-page","status-publish","hentry"],"yoast_head":"<!-- This site is optimized with the Yoast SEO plugin v27.5 - https:\/\/yoast.com\/product\/yoast-seo-wordpress\/ -->\n<title>DOCUMENTOS PARA COMENTAR - Club Militar<\/title>\n<meta name=\"robots\" content=\"index, follow, max-snippet:-1, max-image-preview:large, max-video-preview:-1\" \/>\n<link rel=\"canonical\" href=\"https:\/\/www.clubmilitar.gov.co\/home\/documentos-para-comentar\/\" \/>\n<meta property=\"og:locale\" content=\"es_ES\" \/>\n<meta property=\"og:type\" content=\"article\" \/>\n<meta property=\"og:title\" content=\"DOCUMENTOS PARA COMENTAR - Club Militar\" \/>\n<meta property=\"og:description\" content=\"\u00daltima actualizaci\u00f3n: 21 de Agosto de 2025 Consulta ciudadana Es el mecanismo que busca conocer las opiniones, sugerencias o propuestas, comentarios y aportes de los usuarios, ciudadanos y grupos de inter\u00e9s con respecto a los proyectos, normas, pol\u00edticas, programas o tr\u00e1mites adelantados por la entidad antes de la formulaci\u00f3n de los mismos o la toma de decisiones. \u00a0 A trav\u00e9s de esta secci\u00f3n puede encontrar los diferentes temas que son puestos a consideraci\u00f3n de la ciudadan\u00eda para su consulta, as\u00ed como la normatividad del Club Militar dividida en las siguientes categor\u00edas: \u00a0 Normatividad Consulta aqu\u00ed la normatividad de la entidad.\u202f \u00a0 Acuerdos Consulta las modificaciones realizadas en la entidad\u00a0 Acuerdo Acuerdo \u00a0 Notificaciones por Aviso Consulta aqu\u00ed avisos, notificaciones disciplinarias, edictos y otras disposiciones de afectaci\u00f3n p\u00fablica.\u202f \u00a0 Notificaci\u00f3n por aviso Sr. Juan Sebasti\u00e1n Osorio Notificaci\u00f3n por aviso Sr. Marcos Romero Lozano Notificaci\u00f3n por aviso Sra. Claudia Guerra Delgado Notificaci\u00f3n por aviso Sr. Oscar Javier Castillo Notificaci\u00f3n por aviso Sr. Carlos Gonzalez Notificaci\u00f3n por aviso Sr. Gonzalo Diaz Notificaci\u00f3n por aviso Anonimo Notificaci\u00f3n por aviso a la se\u00f1ora Fadhia Sanchez Notificaci\u00f3n por aviso al Teniente Coronel Enrique Villota Notificaci\u00f3n por aviso a la se\u00f1ora Maria Soledad Franco \u00a0 \u00a0\" \/>\n<meta property=\"og:url\" content=\"https:\/\/www.clubmilitar.gov.co\/home\/documentos-para-comentar\/\" \/>\n<meta property=\"og:site_name\" content=\"Club Militar\" \/>\n<meta property=\"article:modified_time\" content=\"2025-08-21T13:59:28+00:00\" \/>\n<meta name=\"twitter:card\" content=\"summary_large_image\" \/>\n<meta name=\"twitter:label1\" content=\"Tiempo de lectura\" \/>\n\t<meta name=\"twitter:data1\" content=\"1 minuto\" \/>\n<script type=\"application\/ld+json\" class=\"yoast-schema-graph\">{\"@context\":\"https:\\\/\\\/schema.org\",\"@graph\":[{\"@type\":\"WebPage\",\"@id\":\"https:\\\/\\\/www.clubmilitar.gov.co\\\/home\\\/documentos-para-comentar\\\/\",\"url\":\"https:\\\/\\\/www.clubmilitar.gov.co\\\/home\\\/documentos-para-comentar\\\/\",\"name\":\"DOCUMENTOS PARA COMENTAR - Club Militar\",\"isPartOf\":{\"@id\":\"https:\\\/\\\/www.clubmilitar.gov.co\\\/home\\\/#website\"},\"datePublished\":\"2024-07-25T16:28:04+00:00\",\"dateModified\":\"2025-08-21T13:59:28+00:00\",\"breadcrumb\":{\"@id\":\"https:\\\/\\\/www.clubmilitar.gov.co\\\/home\\\/documentos-para-comentar\\\/#breadcrumb\"},\"inLanguage\":\"es\",\"potentialAction\":[{\"@type\":\"ReadAction\",\"target\":[\"https:\\\/\\\/www.clubmilitar.gov.co\\\/home\\\/documentos-para-comentar\\\/\"]}]},{\"@type\":\"BreadcrumbList\",\"@id\":\"https:\\\/\\\/www.clubmilitar.gov.co\\\/home\\\/documentos-para-comentar\\\/#breadcrumb\",\"itemListElement\":[{\"@type\":\"ListItem\",\"position\":1,\"name\":\"Inicio\",\"item\":\"https:\\\/\\\/www.clubmilitar.gov.co\\\/home\\\/\"},{\"@type\":\"ListItem\",\"position\":2,\"name\":\"DOCUMENTOS PARA COMENTAR\"}]},{\"@type\":\"WebSite\",\"@id\":\"https:\\\/\\\/www.clubmilitar.gov.co\\\/home\\\/#website\",\"url\":\"https:\\\/\\\/www.clubmilitar.gov.co\\\/home\\\/\",\"name\":\"Club Militar\",\"description\":\"&quot;Su destino ideal en familia&quot;\",\"publisher\":{\"@id\":\"https:\\\/\\\/www.clubmilitar.gov.co\\\/home\\\/#organization\"},\"potentialAction\":[{\"@type\":\"SearchAction\",\"target\":{\"@type\":\"EntryPoint\",\"urlTemplate\":\"https:\\\/\\\/www.clubmilitar.gov.co\\\/home\\\/?s={search_term_string}\"},\"query-input\":{\"@type\":\"PropertyValueSpecification\",\"valueRequired\":true,\"valueName\":\"search_term_string\"}}],\"inLanguage\":\"es\"},{\"@type\":\"Organization\",\"@id\":\"https:\\\/\\\/www.clubmilitar.gov.co\\\/home\\\/#organization\",\"name\":\"Club Militar\",\"url\":\"https:\\\/\\\/www.clubmilitar.gov.co\\\/home\\\/\",\"logo\":{\"@type\":\"ImageObject\",\"inLanguage\":\"es\",\"@id\":\"https:\\\/\\\/www.clubmilitar.gov.co\\\/home\\\/#\\\/schema\\\/logo\\\/image\\\/\",\"url\":\"https:\\\/\\\/www.clubmilitar.gov.co\\\/home\\\/wp-content\\\/uploads\\\/2024\\\/06\\\/cropped-cropped-cropped-cropped-image-1-1.png\",\"contentUrl\":\"https:\\\/\\\/www.clubmilitar.gov.co\\\/home\\\/wp-content\\\/uploads\\\/2024\\\/06\\\/cropped-cropped-cropped-cropped-image-1-1.png\",\"width\":596,\"height\":133,\"caption\":\"Club Militar\"},\"image\":{\"@id\":\"https:\\\/\\\/www.clubmilitar.gov.co\\\/home\\\/#\\\/schema\\\/logo\\\/image\\\/\"}}]}<\/script>\n<!-- \/ Yoast SEO plugin. -->","yoast_head_json":{"title":"DOCUMENTOS PARA COMENTAR - Club Militar","robots":{"index":"index","follow":"follow","max-snippet":"max-snippet:-1","max-image-preview":"max-image-preview:large","max-video-preview":"max-video-preview:-1"},"canonical":"https:\/\/www.clubmilitar.gov.co\/home\/documentos-para-comentar\/","og_locale":"es_ES","og_type":"article","og_title":"DOCUMENTOS PARA COMENTAR - Club Militar","og_description":"\u00daltima actualizaci\u00f3n: 21 de Agosto de 2025 Consulta ciudadana Es el mecanismo que busca conocer las opiniones, sugerencias o propuestas, comentarios y aportes de los usuarios, ciudadanos y grupos de inter\u00e9s con respecto a los proyectos, normas, pol\u00edticas, programas o tr\u00e1mites adelantados por la entidad antes de la formulaci\u00f3n de los mismos o la toma de decisiones. \u00a0 A trav\u00e9s de esta secci\u00f3n puede encontrar los diferentes temas que son puestos a consideraci\u00f3n de la ciudadan\u00eda para su consulta, as\u00ed como la normatividad del Club Militar dividida en las siguientes categor\u00edas: \u00a0 Normatividad Consulta aqu\u00ed la normatividad de la entidad.\u202f \u00a0 Acuerdos Consulta las modificaciones realizadas en la entidad\u00a0 Acuerdo Acuerdo \u00a0 Notificaciones por Aviso Consulta aqu\u00ed avisos, notificaciones disciplinarias, edictos y otras disposiciones de afectaci\u00f3n p\u00fablica.\u202f \u00a0 Notificaci\u00f3n por aviso Sr. Juan Sebasti\u00e1n Osorio Notificaci\u00f3n por aviso Sr. Marcos Romero Lozano Notificaci\u00f3n por aviso Sra. Claudia Guerra Delgado Notificaci\u00f3n por aviso Sr. Oscar Javier Castillo Notificaci\u00f3n por aviso Sr. Carlos Gonzalez Notificaci\u00f3n por aviso Sr. Gonzalo Diaz Notificaci\u00f3n por aviso Anonimo Notificaci\u00f3n por aviso a la se\u00f1ora Fadhia Sanchez Notificaci\u00f3n por aviso al Teniente Coronel Enrique Villota Notificaci\u00f3n por aviso a la se\u00f1ora Maria Soledad Franco \u00a0 \u00a0","og_url":"https:\/\/www.clubmilitar.gov.co\/home\/documentos-para-comentar\/","og_site_name":"Club Militar","article_modified_time":"2025-08-21T13:59:28+00:00","twitter_card":"summary_large_image","twitter_misc":{"Tiempo de lectura":"1 minuto"},"schema":{"@context":"https:\/\/schema.org","@graph":[{"@type":"WebPage","@id":"https:\/\/www.clubmilitar.gov.co\/home\/documentos-para-comentar\/","url":"https:\/\/www.clubmilitar.gov.co\/home\/documentos-para-comentar\/","name":"DOCUMENTOS PARA COMENTAR - Club Militar","isPartOf":{"@id":"https:\/\/www.clubmilitar.gov.co\/home\/#website"},"datePublished":"2024-07-25T16:28:04+00:00","dateModified":"2025-08-21T13:59:28+00:00","breadcrumb":{"@id":"https:\/\/www.clubmilitar.gov.co\/home\/documentos-para-comentar\/#breadcrumb"},"inLanguage":"es","potentialAction":[{"@type":"ReadAction","target":["https:\/\/www.clubmilitar.gov.co\/home\/documentos-para-comentar\/"]}]},{"@type":"BreadcrumbList","@id":"https:\/\/www.clubmilitar.gov.co\/home\/documentos-para-comentar\/#breadcrumb","itemListElement":[{"@type":"ListItem","position":1,"name":"Inicio","item":"https:\/\/www.clubmilitar.gov.co\/home\/"},{"@type":"ListItem","position":2,"name":"DOCUMENTOS PARA COMENTAR"}]},{"@type":"WebSite","@id":"https:\/\/www.clubmilitar.gov.co\/home\/#website","url":"https:\/\/www.clubmilitar.gov.co\/home\/","name":"Club Militar","description":"&quot;Su destino ideal en familia&quot;","publisher":{"@id":"https:\/\/www.clubmilitar.gov.co\/home\/#organization"},"potentialAction":[{"@type":"SearchAction","target":{"@type":"EntryPoint","urlTemplate":"https:\/\/www.clubmilitar.gov.co\/home\/?s={search_term_string}"},"query-input":{"@type":"PropertyValueSpecification","valueRequired":true,"valueName":"search_term_string"}}],"inLanguage":"es"},{"@type":"Organization","@id":"https:\/\/www.clubmilitar.gov.co\/home\/#organization","name":"Club Militar","url":"https:\/\/www.clubmilitar.gov.co\/home\/","logo":{"@type":"ImageObject","inLanguage":"es","@id":"https:\/\/www.clubmilitar.gov.co\/home\/#\/schema\/logo\/image\/","url":"https:\/\/www.clubmilitar.gov.co\/home\/wp-content\/uploads\/2024\/06\/cropped-cropped-cropped-cropped-image-1-1.png","contentUrl":"https:\/\/www.clubmilitar.gov.co\/home\/wp-content\/uploads\/2024\/06\/cropped-cropped-cropped-cropped-image-1-1.png","width":596,"height":133,"caption":"Club Militar"},"image":{"@id":"https:\/\/www.clubmilitar.gov.co\/home\/#\/schema\/logo\/image\/"}}]}},"publishpress_future_workflow_manual_trigger":{"enabledWorkflows":[]},"ticketed":false,"_links":{"self":[{"href":"https:\/\/www.clubmilitar.gov.co\/home\/wp-json\/wp\/v2\/pages\/52760","targetHints":{"allow":["GET"]}}],"collection":[{"href":"https:\/\/www.clubmilitar.gov.co\/home\/wp-json\/wp\/v2\/pages"}],"about":[{"href":"https:\/\/www.clubmilitar.gov.co\/home\/wp-json\/wp\/v2\/types\/page"}],"author":[{"embeddable":true,"href":"https:\/\/www.clubmilitar.gov.co\/home\/wp-json\/wp\/v2\/users\/13"}],"replies":[{"embeddable":true,"href":"https:\/\/www.clubmilitar.gov.co\/home\/wp-json\/wp\/v2\/comments?post=52760"}],"version-history":[{"count":7,"href":"https:\/\/www.clubmilitar.gov.co\/home\/wp-json\/wp\/v2\/pages\/52760\/revisions"}],"predecessor-version":[{"id":58565,"href":"https:\/\/www.clubmilitar.gov.co\/home\/wp-json\/wp\/v2\/pages\/52760\/revisions\/58565"}],"wp:attachment":[{"href":"https:\/\/www.clubmilitar.gov.co\/home\/wp-json\/wp\/v2\/media?parent=52760"}],"curies":[{"name":"wp","href":"https:\/\/api.w.org\/{rel}","templated":true}]}}