{"id":42714,"date":"2022-01-17T16:38:12","date_gmt":"2022-01-17T21:38:12","guid":{"rendered":"https:\/\/www.clubmilitar.gov.co\/home\/?page_id=42714"},"modified":"2025-08-25T15:18:24","modified_gmt":"2025-08-25T20:18:24","slug":"participacion-en-la-formulacion-de-politicas","status":"publish","type":"page","link":"https:\/\/www.clubmilitar.gov.co\/home\/participacion-en-la-formulacion-de-politicas\/","title":{"rendered":"PARTICIPACI\u00d3N EN LA FORMULACI\u00d3N DE POL\u00cdTICAS"},"content":{"rendered":"\t\t<div data-elementor-type=\"wp-page\" data-elementor-id=\"42714\" class=\"elementor elementor-42714\">\n\t\t\t\t\t\t<section class=\"elementor-section elementor-top-section elementor-element elementor-element-ea0ecb8 elementor-section-boxed elementor-section-height-default elementor-section-height-default\" data-id=\"ea0ecb8\" data-element_type=\"section\" data-e-type=\"section\">\n\t\t\t\t\t\t<div class=\"elementor-container elementor-column-gap-default\">\n\t\t\t\t\t<div class=\"elementor-column elementor-col-100 elementor-top-column elementor-element elementor-element-1e96c6b4\" data-id=\"1e96c6b4\" data-element_type=\"column\" data-e-type=\"column\">\n\t\t\t<div class=\"elementor-widget-wrap elementor-element-populated\">\n\t\t\t\t\t\t<div class=\"elementor-element elementor-element-6375a89d elementor-widget elementor-widget-text-editor\" data-id=\"6375a89d\" data-element_type=\"widget\" data-e-type=\"widget\" data-widget_type=\"text-editor.default\">\n\t\t\t\t<div class=\"elementor-widget-container\">\n\t\t\t\t\t\t\t\t\t<p>\u00daltima actualizaci\u00f3n: 01 de Julio de 2025<\/p>\n<p><!-- \/wp:paragraph --><\/p>\t\t\t\t\t\t\t\t<\/div>\n\t\t\t\t<\/div>\n\t\t\t\t\t<\/div>\n\t\t<\/div>\n\t\t\t\t\t<\/div>\n\t\t<\/section>\n\t\t\t\t<section class=\"elementor-section elementor-top-section elementor-element elementor-element-5a24ec8 elementor-section-boxed elementor-section-height-default elementor-section-height-default\" data-id=\"5a24ec8\" data-element_type=\"section\" data-e-type=\"section\">\n\t\t\t\t\t\t<div class=\"elementor-container elementor-column-gap-default\">\n\t\t\t\t\t<div class=\"elementor-column elementor-col-100 elementor-top-column elementor-element elementor-element-b2903b8\" data-id=\"b2903b8\" data-element_type=\"column\" data-e-type=\"column\">\n\t\t\t<div class=\"elementor-widget-wrap elementor-element-populated\">\n\t\t\t\t\t\t<div class=\"elementor-element elementor-element-386e2fa elementor-widget elementor-widget-text-editor\" data-id=\"386e2fa\" data-element_type=\"widget\" data-e-type=\"widget\" data-widget_type=\"text-editor.default\">\n\t\t\t\t<div class=\"elementor-widget-container\">\n\t\t\t\t\t\t\t\t\t<p>Teniendo como objetivo la relaci\u00f3n entre los ciudadanos y el Club Militar, se formularon programas, planes, proyectos y pol\u00edticas p\u00fablicas, donde puedan participar todos los ciudadanos sin importar su g\u00e9nero, raza o condici\u00f3n social.<\/p><p><strong>RENDICI\u00d3N DE CUENTAS<\/strong><\/p><p>La rendici\u00f3n de cuentas es una pr\u00e1ctica social y pol\u00edtica de interlocuci\u00f3n entre los gobiernos, la ciudadan\u00eda y sus organizaciones con la finalidad de generar transparencia, condiciones de confianza entre ciudadanos, y entidades y fortalecer el ejercicio del control social a la administraci\u00f3n publica.<\/p><p><strong>EVENTO CAF\u00c9 CON EL DIRECTOR<\/strong><\/p><p>Es un encuentro que se efect\u00faa peri\u00f3dicamente, como una forma de comunicaci\u00f3n entre las Directivas de la Entidad y los socios, con el fin de plantear temas, resolver inquietudes y dialogar sobre asuntos de inter\u00e9s mutuo.<\/p><p><strong>LOS MEDIOS PARA LA PARTICIPACI\u00d3N EN LA FORMULACI\u00d3N DE POL\u00cdTICAS<\/strong><\/p><p>Reuniones con grupos de trabajo para la formulaci\u00f3n y establecimiento de las pol\u00edticas, aprobaci\u00f3n de las pol\u00edticas por el Comit\u00e9 de Gesti\u00f3n y Desempe\u00f1o Institucional, carteleras f\u00edsicas, p\u00e1gina web del Club Militar y redes sociales mencionadas a continuaci\u00f3n:<\/p><p><b>Programa de Transparencia y \u00c9tica Publica Versi\u00f3n para observaciones:\u00a0 \u00a0<a href=\"https:\/\/www.clubmilitar.gov.co\/home\/wp-content\/uploads\/2025\/08\/CM-DET-PL-14-PROGRAMA-DE-TRANSPARENCIA-Y-ETICA-PUBLICA-DEL-CLUB-MILITAR-2025-2028-VERSION-PARA-OBSERVACIONES-CIUDADANAS.pdf\">Enlace<\/a><\/b><\/p><p><b>P\u00e1gina web:<\/b><span style=\"margin-left: 40px;\"><a href=\"https:\/\/clubmilitar.gov.co\/home\">https:\/\/clubmilitar.gov.co\/home<\/a><\/span><\/p><p><b>Facebook:<\/b><span style=\"margin-left: 55px;\"><a href=\"https:\/\/www.facebook.com\/ClubMilitar\">https:\/\/www.facebook.com\/ClubMilitar<\/a><\/span><\/p><p><b>Instagram:<\/b> <span style=\"margin-left: 47px;\"> <a href=\"https:\/\/www.instagram.com\/clubmilitar\/#\">https:\/\/www.instagram.com\/clubmilitar\/#<\/a><\/span><\/p><p><b>YouTube:<\/b> <span style=\"margin-left: 65px;\"> <a href=\"https:\/\/www.youtube.com\/channel\/UCfYR_KXp_7rDQnevu44hY8g\">https:\/\/www.youtube.com\/channel\/UCfYR_KXp_7rDQnevu44hY8g<\/a><\/span><\/p><p><b>Twitter:<\/b> <span style=\"margin-left: 77px;\"> <a href=\"https:\/\/twitter.com\/Club_Militar\">https:\/\/twitter.com\/Club_Militar<\/a><\/span><\/p><p>\u00c1reas responsables de la orientaci\u00f3n y vigilancia para su cumplimiento.<\/p><p>La Vigilancia es ejercida por la Jefatura de Control Interno<\/p>\t\t\t\t\t\t\t\t<\/div>\n\t\t\t\t<\/div>\n\t\t\t\t<div class=\"elementor-element elementor-element-8ddbaab elementor-widget elementor-widget-text-editor\" data-id=\"8ddbaab\" data-element_type=\"widget\" data-e-type=\"widget\" data-widget_type=\"text-editor.default\">\n\t\t\t\t<div class=\"elementor-widget-container\">\n\t\t\t\t\t\t\t\t\t<p class=\"titulo-cm\"><strong>CAJA DE HERRAMIENTAS<\/strong><\/p>\n<p>\u00a0<\/p>\n<p>La caja de herramientas es el conjunto de estrategias y recursos que utiliza la entidad para apoyar pedag\u00f3gicamente el desarrollo de los ejercicios de planeaci\u00f3n participativa<\/p>\n<div style=\"margin-left: 20px;\"><a class=\"link-cm\" href=\"https:\/\/www.clubmilitar.gov.co\/home\/caja-de-herramientas\/\"><i class=\"fas fa-globe\" style=\"color: #e0b717fc; font-size: 20px; margin-right: 8px;\"><\/i>Caja de Herramientas <\/a><\/div>\t\t\t\t\t\t\t\t<\/div>\n\t\t\t\t<\/div>\n\t\t\t\t<div class=\"elementor-element elementor-element-865527f elementor-widget elementor-widget-text-editor\" data-id=\"865527f\" data-element_type=\"widget\" data-e-type=\"widget\" data-widget_type=\"text-editor.default\">\n\t\t\t\t<div class=\"elementor-widget-container\">\n\t\t\t\t\t\t\t\t\t<p class=\"titulo-cm\"><strong>SECCI\u00d3N DE NORMATIVIDAD<\/strong><\/p>\n<p>&nbsp;<\/p>\n<p>Ingrese a la secci\u00f3n de Normatividad de la Entidad, dando clic en el siguiente enlace\u00a0<\/p>\n<div style=\"margin-left: 20px;\"><a class=\"link-cm\" href=\"https:\/\/www.clubmilitar.gov.co\/home\/normativa-de-la-entidad-o-autoridad\/\"><i class=\"fas fa-globe\" style=\"color: #e0b717fc; font-size: 20px; margin-right: 8px;\"><\/i>Normatividad de la Entidad<\/a><\/div>\t\t\t\t\t\t\t\t<\/div>\n\t\t\t\t<\/div>\n\t\t\t\t\t<\/div>\n\t\t<\/div>\n\t\t\t\t\t<\/div>\n\t\t<\/section>\n\t\t\t\t<\/div>\n\t\t","protected":false},"excerpt":{"rendered":"<p>\u00daltima actualizaci\u00f3n: 01 de Julio de 2025 Teniendo como objetivo la relaci\u00f3n entre los ciudadanos y el Club Militar, se formularon programas, planes, proyectos y pol\u00edticas p\u00fablicas, donde puedan participar todos los ciudadanos sin importar su g\u00e9nero, raza o condici\u00f3n social. RENDICI\u00d3N DE CUENTAS La rendici\u00f3n de cuentas es una pr\u00e1ctica social y pol\u00edtica de interlocuci\u00f3n entre los gobiernos, la ciudadan\u00eda y sus organizaciones con la finalidad de generar transparencia, condiciones de confianza entre ciudadanos, y entidades y fortalecer el ejercicio del control social a la administraci\u00f3n publica. EVENTO CAF\u00c9 CON EL DIRECTOR Es un encuentro que se efect\u00faa peri\u00f3dicamente, como una forma de comunicaci\u00f3n entre las Directivas de la Entidad y los socios, con el fin de plantear temas, resolver inquietudes y dialogar sobre asuntos de inter\u00e9s mutuo. LOS MEDIOS PARA LA PARTICIPACI\u00d3N EN LA FORMULACI\u00d3N DE POL\u00cdTICAS Reuniones con grupos de trabajo para la formulaci\u00f3n y establecimiento de las pol\u00edticas, aprobaci\u00f3n de las pol\u00edticas por el Comit\u00e9 de Gesti\u00f3n y Desempe\u00f1o Institucional, carteleras f\u00edsicas, p\u00e1gina web del Club Militar y redes sociales mencionadas a continuaci\u00f3n: Programa de Transparencia y \u00c9tica Publica Versi\u00f3n para observaciones:\u00a0 \u00a0Enlace P\u00e1gina web:https:\/\/clubmilitar.gov.co\/home Facebook:https:\/\/www.facebook.com\/ClubMilitar Instagram: https:\/\/www.instagram.com\/clubmilitar\/# YouTube: https:\/\/www.youtube.com\/channel\/UCfYR_KXp_7rDQnevu44hY8g Twitter: https:\/\/twitter.com\/Club_Militar \u00c1reas responsables de la orientaci\u00f3n y vigilancia para su cumplimiento. La Vigilancia es ejercida por la Jefatura de Control Interno CAJA DE HERRAMIENTAS \u00a0 La caja de herramientas es el conjunto de estrategias y recursos que utiliza la entidad para apoyar pedag\u00f3gicamente el desarrollo de los ejercicios de planeaci\u00f3n participativa Caja de Herramientas SECCI\u00d3N DE NORMATIVIDAD &nbsp; Ingrese a la secci\u00f3n de Normatividad de la Entidad, dando clic en el siguiente enlace\u00a0 Normatividad de la Entidad<\/p>\n","protected":false},"author":4,"featured_media":0,"parent":0,"menu_order":0,"comment_status":"closed","ping_status":"closed","template":"","meta":{"_price":"","_stock":"","_tribe_ticket_header":"","_tribe_default_ticket_provider":"","_tribe_ticket_capacity":"0","_ticket_start_date":"","_ticket_end_date":"","_tribe_ticket_show_description":"","_tribe_ticket_show_not_going":false,"_tribe_ticket_use_global_stock":"","_tribe_ticket_global_stock_level":"","_global_stock_mode":"","_global_stock_cap":"","_tribe_rsvp_for_event":"","_tribe_ticket_going_count":"","_tribe_ticket_not_going_count":"","_tribe_tickets_list":"[]","_tribe_ticket_has_attendee_info_fields":false,"_EventAllDay":false,"_EventTimezone":"","_EventStartDate":"","_EventEndDate":"","_EventStartDateUTC":"","_EventEndDateUTC":"","_EventShowMap":false,"_EventShowMapLink":false,"_EventURL":"","_EventCost":"","_EventCostDescription":"","_EventCurrencySymbol":"","_EventCurrencyCode":"","_EventCurrencyPosition":"","_EventDateTimeSeparator":"","_EventTimeRangeSeparator":"","_EventOrganizerID":[],"_EventVenueID":[],"_OrganizerEmail":"","_OrganizerPhone":"","_OrganizerWebsite":"","_VenueAddress":"","_VenueCity":"","_VenueCountry":"","_VenueProvince":"","_VenueState":"","_VenueZip":"","_VenuePhone":"","_VenueURL":"","_VenueStateProvince":"","_VenueLat":"","_VenueLng":"","_VenueShowMap":false,"_VenueShowMapLink":false,"footnotes":"","_tec_slr_enabled":"","_tec_slr_layout":""},"class_list":["post-42714","page","type-page","status-publish","hentry"],"yoast_head":"<!-- This site is optimized with the Yoast SEO plugin v27.5 - https:\/\/yoast.com\/product\/yoast-seo-wordpress\/ -->\n<title>PARTICIPACI\u00d3N EN LA FORMULACI\u00d3N DE POL\u00cdTICAS - Club Militar<\/title>\n<meta name=\"robots\" content=\"index, follow, max-snippet:-1, max-image-preview:large, max-video-preview:-1\" \/>\n<link rel=\"canonical\" href=\"https:\/\/www.clubmilitar.gov.co\/home\/participacion-en-la-formulacion-de-politicas\/\" \/>\n<meta property=\"og:locale\" content=\"es_ES\" \/>\n<meta property=\"og:type\" content=\"article\" \/>\n<meta property=\"og:title\" content=\"PARTICIPACI\u00d3N EN LA FORMULACI\u00d3N DE POL\u00cdTICAS - Club Militar\" \/>\n<meta property=\"og:description\" content=\"\u00daltima actualizaci\u00f3n: 01 de Julio de 2025 Teniendo como objetivo la relaci\u00f3n entre los ciudadanos y el Club Militar, se formularon programas, planes, proyectos y pol\u00edticas p\u00fablicas, donde puedan participar todos los ciudadanos sin importar su g\u00e9nero, raza o condici\u00f3n social. RENDICI\u00d3N DE CUENTAS La rendici\u00f3n de cuentas es una pr\u00e1ctica social y pol\u00edtica de interlocuci\u00f3n entre los gobiernos, la ciudadan\u00eda y sus organizaciones con la finalidad de generar transparencia, condiciones de confianza entre ciudadanos, y entidades y fortalecer el ejercicio del control social a la administraci\u00f3n publica. EVENTO CAF\u00c9 CON EL DIRECTOR Es un encuentro que se efect\u00faa peri\u00f3dicamente, como una forma de comunicaci\u00f3n entre las Directivas de la Entidad y los socios, con el fin de plantear temas, resolver inquietudes y dialogar sobre asuntos de inter\u00e9s mutuo. LOS MEDIOS PARA LA PARTICIPACI\u00d3N EN LA FORMULACI\u00d3N DE POL\u00cdTICAS Reuniones con grupos de trabajo para la formulaci\u00f3n y establecimiento de las pol\u00edticas, aprobaci\u00f3n de las pol\u00edticas por el Comit\u00e9 de Gesti\u00f3n y Desempe\u00f1o Institucional, carteleras f\u00edsicas, p\u00e1gina web del Club Militar y redes sociales mencionadas a continuaci\u00f3n: Programa de Transparencia y \u00c9tica Publica Versi\u00f3n para observaciones:\u00a0 \u00a0Enlace P\u00e1gina web:https:\/\/clubmilitar.gov.co\/home Facebook:https:\/\/www.facebook.com\/ClubMilitar Instagram: https:\/\/www.instagram.com\/clubmilitar\/# YouTube: https:\/\/www.youtube.com\/channel\/UCfYR_KXp_7rDQnevu44hY8g Twitter: https:\/\/twitter.com\/Club_Militar \u00c1reas responsables de la orientaci\u00f3n y vigilancia para su cumplimiento. La Vigilancia es ejercida por la Jefatura de Control Interno CAJA DE HERRAMIENTAS \u00a0 La caja de herramientas es el conjunto de estrategias y recursos que utiliza la entidad para apoyar pedag\u00f3gicamente el desarrollo de los ejercicios de planeaci\u00f3n participativa Caja de Herramientas SECCI\u00d3N DE NORMATIVIDAD &nbsp; Ingrese a la secci\u00f3n de Normatividad de la Entidad, dando clic en el siguiente enlace\u00a0 Normatividad de la Entidad\" \/>\n<meta property=\"og:url\" content=\"https:\/\/www.clubmilitar.gov.co\/home\/participacion-en-la-formulacion-de-politicas\/\" \/>\n<meta property=\"og:site_name\" content=\"Club Militar\" \/>\n<meta property=\"article:modified_time\" content=\"2025-08-25T20:18:24+00:00\" \/>\n<meta name=\"twitter:card\" content=\"summary_large_image\" \/>\n<meta name=\"twitter:label1\" content=\"Tiempo de lectura\" \/>\n\t<meta name=\"twitter:data1\" content=\"2 minutos\" \/>\n<script type=\"application\/ld+json\" class=\"yoast-schema-graph\">{\"@context\":\"https:\\\/\\\/schema.org\",\"@graph\":[{\"@type\":\"WebPage\",\"@id\":\"https:\\\/\\\/www.clubmilitar.gov.co\\\/home\\\/participacion-en-la-formulacion-de-politicas\\\/\",\"url\":\"https:\\\/\\\/www.clubmilitar.gov.co\\\/home\\\/participacion-en-la-formulacion-de-politicas\\\/\",\"name\":\"PARTICIPACI\u00d3N EN LA FORMULACI\u00d3N DE POL\u00cdTICAS - Club Militar\",\"isPartOf\":{\"@id\":\"https:\\\/\\\/www.clubmilitar.gov.co\\\/home\\\/#website\"},\"datePublished\":\"2022-01-17T21:38:12+00:00\",\"dateModified\":\"2025-08-25T20:18:24+00:00\",\"breadcrumb\":{\"@id\":\"https:\\\/\\\/www.clubmilitar.gov.co\\\/home\\\/participacion-en-la-formulacion-de-politicas\\\/#breadcrumb\"},\"inLanguage\":\"es\",\"potentialAction\":[{\"@type\":\"ReadAction\",\"target\":[\"https:\\\/\\\/www.clubmilitar.gov.co\\\/home\\\/participacion-en-la-formulacion-de-politicas\\\/\"]}]},{\"@type\":\"BreadcrumbList\",\"@id\":\"https:\\\/\\\/www.clubmilitar.gov.co\\\/home\\\/participacion-en-la-formulacion-de-politicas\\\/#breadcrumb\",\"itemListElement\":[{\"@type\":\"ListItem\",\"position\":1,\"name\":\"Inicio\",\"item\":\"https:\\\/\\\/www.clubmilitar.gov.co\\\/home\\\/\"},{\"@type\":\"ListItem\",\"position\":2,\"name\":\"PARTICIPACI\u00d3N EN LA FORMULACI\u00d3N DE POL\u00cdTICAS\"}]},{\"@type\":\"WebSite\",\"@id\":\"https:\\\/\\\/www.clubmilitar.gov.co\\\/home\\\/#website\",\"url\":\"https:\\\/\\\/www.clubmilitar.gov.co\\\/home\\\/\",\"name\":\"Club Militar\",\"description\":\"&quot;Su destino ideal en familia&quot;\",\"publisher\":{\"@id\":\"https:\\\/\\\/www.clubmilitar.gov.co\\\/home\\\/#organization\"},\"potentialAction\":[{\"@type\":\"SearchAction\",\"target\":{\"@type\":\"EntryPoint\",\"urlTemplate\":\"https:\\\/\\\/www.clubmilitar.gov.co\\\/home\\\/?s={search_term_string}\"},\"query-input\":{\"@type\":\"PropertyValueSpecification\",\"valueRequired\":true,\"valueName\":\"search_term_string\"}}],\"inLanguage\":\"es\"},{\"@type\":\"Organization\",\"@id\":\"https:\\\/\\\/www.clubmilitar.gov.co\\\/home\\\/#organization\",\"name\":\"Club Militar\",\"url\":\"https:\\\/\\\/www.clubmilitar.gov.co\\\/home\\\/\",\"logo\":{\"@type\":\"ImageObject\",\"inLanguage\":\"es\",\"@id\":\"https:\\\/\\\/www.clubmilitar.gov.co\\\/home\\\/#\\\/schema\\\/logo\\\/image\\\/\",\"url\":\"https:\\\/\\\/www.clubmilitar.gov.co\\\/home\\\/wp-content\\\/uploads\\\/2024\\\/06\\\/cropped-cropped-cropped-cropped-image-1-1.png\",\"contentUrl\":\"https:\\\/\\\/www.clubmilitar.gov.co\\\/home\\\/wp-content\\\/uploads\\\/2024\\\/06\\\/cropped-cropped-cropped-cropped-image-1-1.png\",\"width\":596,\"height\":133,\"caption\":\"Club Militar\"},\"image\":{\"@id\":\"https:\\\/\\\/www.clubmilitar.gov.co\\\/home\\\/#\\\/schema\\\/logo\\\/image\\\/\"}}]}<\/script>\n<!-- \/ Yoast SEO plugin. -->","yoast_head_json":{"title":"PARTICIPACI\u00d3N EN LA FORMULACI\u00d3N DE POL\u00cdTICAS - Club Militar","robots":{"index":"index","follow":"follow","max-snippet":"max-snippet:-1","max-image-preview":"max-image-preview:large","max-video-preview":"max-video-preview:-1"},"canonical":"https:\/\/www.clubmilitar.gov.co\/home\/participacion-en-la-formulacion-de-politicas\/","og_locale":"es_ES","og_type":"article","og_title":"PARTICIPACI\u00d3N EN LA FORMULACI\u00d3N DE POL\u00cdTICAS - Club Militar","og_description":"\u00daltima actualizaci\u00f3n: 01 de Julio de 2025 Teniendo como objetivo la relaci\u00f3n entre los ciudadanos y el Club Militar, se formularon programas, planes, proyectos y pol\u00edticas p\u00fablicas, donde puedan participar todos los ciudadanos sin importar su g\u00e9nero, raza o condici\u00f3n social. RENDICI\u00d3N DE CUENTAS La rendici\u00f3n de cuentas es una pr\u00e1ctica social y pol\u00edtica de interlocuci\u00f3n entre los gobiernos, la ciudadan\u00eda y sus organizaciones con la finalidad de generar transparencia, condiciones de confianza entre ciudadanos, y entidades y fortalecer el ejercicio del control social a la administraci\u00f3n publica. EVENTO CAF\u00c9 CON EL DIRECTOR Es un encuentro que se efect\u00faa peri\u00f3dicamente, como una forma de comunicaci\u00f3n entre las Directivas de la Entidad y los socios, con el fin de plantear temas, resolver inquietudes y dialogar sobre asuntos de inter\u00e9s mutuo. LOS MEDIOS PARA LA PARTICIPACI\u00d3N EN LA FORMULACI\u00d3N DE POL\u00cdTICAS Reuniones con grupos de trabajo para la formulaci\u00f3n y establecimiento de las pol\u00edticas, aprobaci\u00f3n de las pol\u00edticas por el Comit\u00e9 de Gesti\u00f3n y Desempe\u00f1o Institucional, carteleras f\u00edsicas, p\u00e1gina web del Club Militar y redes sociales mencionadas a continuaci\u00f3n: Programa de Transparencia y \u00c9tica Publica Versi\u00f3n para observaciones:\u00a0 \u00a0Enlace P\u00e1gina web:https:\/\/clubmilitar.gov.co\/home Facebook:https:\/\/www.facebook.com\/ClubMilitar Instagram: https:\/\/www.instagram.com\/clubmilitar\/# YouTube: https:\/\/www.youtube.com\/channel\/UCfYR_KXp_7rDQnevu44hY8g Twitter: https:\/\/twitter.com\/Club_Militar \u00c1reas responsables de la orientaci\u00f3n y vigilancia para su cumplimiento. La Vigilancia es ejercida por la Jefatura de Control Interno CAJA DE HERRAMIENTAS \u00a0 La caja de herramientas es el conjunto de estrategias y recursos que utiliza la entidad para apoyar pedag\u00f3gicamente el desarrollo de los ejercicios de planeaci\u00f3n participativa Caja de Herramientas SECCI\u00d3N DE NORMATIVIDAD &nbsp; Ingrese a la secci\u00f3n de Normatividad de la Entidad, dando clic en el siguiente enlace\u00a0 Normatividad de la Entidad","og_url":"https:\/\/www.clubmilitar.gov.co\/home\/participacion-en-la-formulacion-de-politicas\/","og_site_name":"Club Militar","article_modified_time":"2025-08-25T20:18:24+00:00","twitter_card":"summary_large_image","twitter_misc":{"Tiempo de lectura":"2 minutos"},"schema":{"@context":"https:\/\/schema.org","@graph":[{"@type":"WebPage","@id":"https:\/\/www.clubmilitar.gov.co\/home\/participacion-en-la-formulacion-de-politicas\/","url":"https:\/\/www.clubmilitar.gov.co\/home\/participacion-en-la-formulacion-de-politicas\/","name":"PARTICIPACI\u00d3N EN LA FORMULACI\u00d3N DE POL\u00cdTICAS - Club Militar","isPartOf":{"@id":"https:\/\/www.clubmilitar.gov.co\/home\/#website"},"datePublished":"2022-01-17T21:38:12+00:00","dateModified":"2025-08-25T20:18:24+00:00","breadcrumb":{"@id":"https:\/\/www.clubmilitar.gov.co\/home\/participacion-en-la-formulacion-de-politicas\/#breadcrumb"},"inLanguage":"es","potentialAction":[{"@type":"ReadAction","target":["https:\/\/www.clubmilitar.gov.co\/home\/participacion-en-la-formulacion-de-politicas\/"]}]},{"@type":"BreadcrumbList","@id":"https:\/\/www.clubmilitar.gov.co\/home\/participacion-en-la-formulacion-de-politicas\/#breadcrumb","itemListElement":[{"@type":"ListItem","position":1,"name":"Inicio","item":"https:\/\/www.clubmilitar.gov.co\/home\/"},{"@type":"ListItem","position":2,"name":"PARTICIPACI\u00d3N EN LA FORMULACI\u00d3N DE POL\u00cdTICAS"}]},{"@type":"WebSite","@id":"https:\/\/www.clubmilitar.gov.co\/home\/#website","url":"https:\/\/www.clubmilitar.gov.co\/home\/","name":"Club Militar","description":"&quot;Su destino ideal en familia&quot;","publisher":{"@id":"https:\/\/www.clubmilitar.gov.co\/home\/#organization"},"potentialAction":[{"@type":"SearchAction","target":{"@type":"EntryPoint","urlTemplate":"https:\/\/www.clubmilitar.gov.co\/home\/?s={search_term_string}"},"query-input":{"@type":"PropertyValueSpecification","valueRequired":true,"valueName":"search_term_string"}}],"inLanguage":"es"},{"@type":"Organization","@id":"https:\/\/www.clubmilitar.gov.co\/home\/#organization","name":"Club Militar","url":"https:\/\/www.clubmilitar.gov.co\/home\/","logo":{"@type":"ImageObject","inLanguage":"es","@id":"https:\/\/www.clubmilitar.gov.co\/home\/#\/schema\/logo\/image\/","url":"https:\/\/www.clubmilitar.gov.co\/home\/wp-content\/uploads\/2024\/06\/cropped-cropped-cropped-cropped-image-1-1.png","contentUrl":"https:\/\/www.clubmilitar.gov.co\/home\/wp-content\/uploads\/2024\/06\/cropped-cropped-cropped-cropped-image-1-1.png","width":596,"height":133,"caption":"Club Militar"},"image":{"@id":"https:\/\/www.clubmilitar.gov.co\/home\/#\/schema\/logo\/image\/"}}]}},"publishpress_future_workflow_manual_trigger":{"enabledWorkflows":[]},"ticketed":false,"_links":{"self":[{"href":"https:\/\/www.clubmilitar.gov.co\/home\/wp-json\/wp\/v2\/pages\/42714","targetHints":{"allow":["GET"]}}],"collection":[{"href":"https:\/\/www.clubmilitar.gov.co\/home\/wp-json\/wp\/v2\/pages"}],"about":[{"href":"https:\/\/www.clubmilitar.gov.co\/home\/wp-json\/wp\/v2\/types\/page"}],"author":[{"embeddable":true,"href":"https:\/\/www.clubmilitar.gov.co\/home\/wp-json\/wp\/v2\/users\/4"}],"replies":[{"embeddable":true,"href":"https:\/\/www.clubmilitar.gov.co\/home\/wp-json\/wp\/v2\/comments?post=42714"}],"version-history":[{"count":30,"href":"https:\/\/www.clubmilitar.gov.co\/home\/wp-json\/wp\/v2\/pages\/42714\/revisions"}],"predecessor-version":[{"id":58655,"href":"https:\/\/www.clubmilitar.gov.co\/home\/wp-json\/wp\/v2\/pages\/42714\/revisions\/58655"}],"wp:attachment":[{"href":"https:\/\/www.clubmilitar.gov.co\/home\/wp-json\/wp\/v2\/media?parent=42714"}],"curies":[{"name":"wp","href":"https:\/\/api.w.org\/{rel}","templated":true}]}}